-222100)/(-6) - (-15)/45. Let m = -12118 + q. Is m a prime number?
False
Suppose 5*r = 3*u + 727076, 7 - 1 = 2*u. Is r prime?
True
Let i(p) = 213*p**2 - 56*p - 487. Is i(-22) prime?
True
Suppose -5*l = -4*l - 313. Suppose 4*q = 2*h - 880, 5*q + l = h - 121. Suppose 0 = -3*t + 1899 - h. Is t composite?
True
Let y be 1 - (3 - (3 + 366)). Suppose -4*d + 1631 = 3*d. Let w = y - d. Is w a prime number?
False
Suppose 5*s - 2*o - 2078107 = 0, 27*s - o = 32*s - 2078089. Is s composite?
True
Suppose -39*w + 46*w - 336 = 0. Suppose -6568 = w*v - 56*v. Is v a composite number?
False
Suppose 2*s - 4 = 0, o + 13 = 2*s + 3. Let w(y) = -4*y**3 + 8*y**2 + 4. Let t be w(o). Let c = t - 277. Is c a composite number?
True
Suppose 5*v + 115 = -4*t, -5*v + 2*t - 145 = -0*v. Let x(k) = -k**3 - 5*k**2 + 8*k + 7. Let j be x(-6). Let a = j - v. Is a prime?
False
Let a = 11551 - -25183. Is a prime?
False
Let d(q) = q**2 + 10*q + 28. Let z = -6 + -3. Is d(z) a prime number?
True
Let b(r) = -2*r**3 + 190*r**2 - 154*r - 269. Is b(94) a prime number?
True
Suppose 0 = 4*b - 3*w - 532594, -b + 50328 = w - 82831. Is b composite?
False
Let q(h) = h**3 + 4*h**2 + 7*h + 4. Let w be q(-4). Let r = w + 26. Suppose -2*b + 3*b = -r, 5*d - 3*b = 2221. Is d a composite number?
False
Suppose 93*z - 3522232 = 37*z. Is z composite?
False
Suppose 10 = 3*v + 1. Suppose -3*c - 4*y + 2522 = -1001, -y + 3538 = v*c. Is c composite?
False
Suppose -4*f - 9 = -0*i - 3*i, -12 = -4*i + 4*f. Suppose -2*h = i*b - 1077, 290 = b + 3*h - 62. Let g = 2162 - b. Is g a composite number?
False
Let y(q) = -1458*q**3 - 36*q**2 - 164*q + 21. Is y(-6) composite?
True
Let f(a) = -58 + 167 - 27 - 311*a. Is f(-21) prime?
False
Let g = 515 - 482. Suppose -4*x + 3*k = -5096, 0 = -g*x + 35*x - 5*k - 2562. Is x prime?
False
Let s(j) be the second derivative of j**3/6 - 5*j**2 + 28*j. Let y be s(14). Is 43*(-15)/(-20)*y a prime number?
False
Suppose 11 = -2*d + 3*w, 2*d - 4*w - 2 + 18 = 0. Suppose 0 = -o + 4*v + 20283, 0 = d*o + 2*v - 5*v - 40561. Is o a prime number?
False
Suppose 2*m = -7*b + 4*m + 73931, -5*m - 42254 = -4*b. Is b prime?
False
Suppose -53*b + 55*b = 26. Let n = b - 21. Let j(m) = -90*m - 26. Is j(n) composite?
True
Let o(h) = -142*h - 34. Let f be o(-21). Let q = f + -1990. Suppose 0*i - 2*i + q = 0. Is i a prime number?
True
Is (1082/(-6) - 0)/((-3)/603) a prime number?
False
Let f(i) = -862*i + 379. Is f(-63) prime?
False
Let v(l) = -12147*l**3 - 2*l**2 - 4*l - 2. Let r be v(-1). Let j = r - 17039. Let b = 8349 + j. Is b a composite number?
False
Suppose -3*u = -2*u + 4*i - 56, 5*i = 4*u - 140. Let y = 31 - u. Is 2/y - 390/(-54) prime?
True
Is 728827500/900 + 4/6 + 16/2 composite?
True
Let x(k) = -8*k - 20. Let s be x(-8). Let n(m) = -m**2 - 108 + 59 + 57 + s*m. Is n(21) a composite number?
False
Suppose -4*t + 3*w - 783 = 0, 4*w + 54 = 3*t + 643. Let l = 458 + t. Is l prime?
True
Let d be 3756/18*(-8 - -5). Suppose -2*l + 3*j = 5*j - 5744, 0 = 4*l + 5*j - 11483. Let g = l + d. Is g a prime number?
True
Let t be (-1*2)/(26/(-156)). Let j(b) = -116*b**3 - 9 + 237*b**3 - 120*b**3 + t*b. Is j(4) a prime number?
True
Let k = 187 - 184. Suppose 2*o - 2780 = -k*q + 3933, 4*o = -4*q + 8952. Is q prime?
True
Suppose -l + 4*q = -10961, -l - 10*q + 10979 = -8*q. Is l a composite number?
False
Suppose 0*g + 0*g = 12*g. Suppose g = -22*z + 16*z + 57930. Is z prime?
False
Let h(p) = -597*p + 25. Let o(m) = 3*m - 41. Let z be o(13). Is h(z) prime?
False
Let q(h) = -912*h + 4. Let l be q(-4). Let m = -2263 + l. Is m a prime number?
False
Let f = 38144 - 19627. Is f composite?
False
Is ((-84497)/(-5))/(184/920) composite?
True
Let m(k) = 1804*k**2 + 4*k + 10. Let u(h) = 1804*h**2 + 5*h + 13. Let o(f) = 4*m(f) - 3*u(f). Is o(2) a composite number?
False
Let g(q) = 1657*q - 1273. Is g(8) a prime number?
False
Let t be (-1177)/9 + (-34)/153. Let m = -78 - t. Suppose j = m + 21. Is j prime?
False
Let l(s) = 3*s - 2. Let j be l(2). Suppose 4*g = 2*z - 5018, j*z - 10116 + 32 = -4*g. Is z a prime number?
False
Let a(h) = 2*h**2 - 93*h - 141. Let y be a(48). Suppose -26089 = -4*v - x + 180983, -258833 = -5*v - y*x. Is v prime?
True
Suppose -157*u - 7470781 + 27774492 = 0. Is u a composite number?
True
Let f be (-45 + 45)*(-1)/(-3) + 14. Suppose -f*q + 3*i + 6456 = -11*q, -4*i = -5*q + 10765. Is q prime?
False
Suppose -42*o = -12072051 + 3489225. Is o a composite number?
False
Suppose 0*q - 2*d = 4*q - 24, -4*q = -4*d - 48. Let p = 13 - q. Suppose -5*j + 3*n = -3342, -2*n = -p*j + 4329 - 986. Is j prime?
False
Is 4/58 + (10/(-14) - (-1102292576)/15631) composite?
True
Suppose 10 - 3 = -3*w - r, 0 = 4*r + 16. Is 3635 - -1*(-8 + 4)*w a prime number?
False
Let c(a) = -99*a - 4. Let j be c(-3). Let r = -44 - 122. Let x = r + j. Is x a prime number?
True
Suppose -20*j = -114*j + 1470724. Is j a composite number?
True
Let k = 163433 - 72430. Is k a prime number?
False
Let b(a) = -41496*a + 9421. Is b(-46) a prime number?
True
Is 26451304/10 + 60/(-150) + -1 composite?
False
Is (-7)/((-462)/24) - (19475260/(-55) + -5) a composite number?
True
Let g(w) = 28*w + 90. Let m(u) = 2*u - 6. Let a be m(-8). Let c be g(a). Let t = c - -969. Is t a prime number?
True
Let d be (-5)/(75/(-6)) + (-64)/(-40). Suppose 66686 = 4*i - 3*k, 3*i - 4*k - 16665 = d*i. Is i a composite number?
False
Let t = 177234 + -74591. Is t prime?
True
Let c be 20*((-27)/5 - -5). Is (-71465)/(-25) - c/20 a prime number?
False
Let h(k) = 3410*k - 170. Let f be h(26). Suppose -524*q + 534*q = f. Is q a prime number?
True
Let t(m) = -96*m**3 + 10*m**2 - 29*m - 20. Let v be t(6). Let y = 29277 + v. Is y a composite number?
False
Let g = -450279 - -712610. Is g a composite number?
False
Suppose 154 = 5*g + 59. Suppose -5*j + 26 = -g. Suppose -j*r + 1487 + 772 = 0. Is r a composite number?
False
Suppose -23 = -4*g + 5*y, -5*g - 3*y + y + 37 = 0. Suppose -4*x = -g*x + 18. Suppose 2174 = x*i + 380. Is i a composite number?
True
Suppose 0 = -4*d + 11*d - 21. Suppose 0 = d*f + 1 - 1. Suppose 0*x + 1080 = 5*z + 5*x, 4*z + 3*x - 859 = f. Is z prime?
True
Let o(z) = z**2 + 7*z - 41. Let i be o(-11). Suppose -i*s = -c + 626, c + 3*s - 489 = 167. Is c a composite number?
False
Let c(x) be the third derivative of 43*x**5/30 + x**4/6 + 29*x**3/6 - 4*x**2 + 10. Is c(-4) a composite number?
True
Let c(m) = -m**3 - 12*m**2 - 6*m - 52. Let g be c(-12). Suppose 45054 = -2*v + g*v. Is v a prime number?
True
Suppose 0 = -z + 5*z - 24. Suppose 4*r = -2*h + z, 3*r - r - 9 = -3*h. Suppose -h*m + m + 212 = 4*n, -5*m = 0. Is n a prime number?
True
Suppose -5*u + 26377035 = 57*u - 5*u. Is u composite?
True
Suppose -4*g - g = 30. Is (-313225)/(-33) + g/9 a prime number?
True
Let d = 43 - 43. Suppose d = 5*p - q - 200174 + 59264, 0 = 4*p - 4*q - 112744. Is p composite?
False
Let r(h) = 430*h**2 - 75*h - 713. Is r(-10) a prime number?
True
Suppose -3*f = 4*b + 4, 3*f + b = 5*f - 12. Let i be 6356 - (-3 - 1 - (-16)/f). Suppose -i = -6*t - 512. Is t composite?
True
Let v(h) = 0*h**2 + 3*h**2 + 40*h - 2 + 0*h**2 - 44*h. Let i be v(-1). Suppose 0 = -b - 4*r + 385, 0 = i*b - 2*r - r - 1994. Is b a composite number?
False
Let o be 6/4*6/9. Let q be (-14)/21*(o - 696 - 1). Suppose -a - 4*l + 166 = 0, 5*a - 5*l - q = 2*a. Is a a prime number?
False
Suppose 2*l + a = 10, -3*l - a = 3*a - 15. Suppose w + 1282 = 2*p, 2*p + l*w - w - 1282 = 0. Is p prime?
True
Let s(f) = 4142*f + 159. Is s(22) a prime number?
True
Let f(x) = -55 + 66 - 8*x + 37*x**2 - 33. Is f(9) a composite number?
False
Let h(y) = 27616*y**2 - 3*y + 1 - 8943*y**2 - 3*y + 9*y. Is h(-1) a composite number?
False
Let i(r) = -651*r + 22. Let f(p) = 31900*p - 1078. Let m(h) = -2*f(h) - 99*i(h). Is m(5) a prime number?
False
Let i(m) = m**3 - 17*m**2 + 76*m - 365. Is i(39) a composite number?
False
Is (-1695)/(-678)*(-5774)/(-5) a composite number?
False
Let d(a) = -30*a**2 - 37*a + 6. Let k be d(5). Is (k/(-2))/(((-7)/14)/(-1)) prime?
True
Let t(a) = a**3 - 5*a**2 - 15*a + 1. Let d be t(7). Is ((-12)/(-8))/(d/92860*-5) prime?
True
Suppose 35*w - 18*w = 170. Suppose 14*p - w*p = 19724. Is p a composite number?
False
Let m(z) = -8620*z + 7821. Is m(-34) prime?
False
Let h(x) be the first derivative of 53*x**3/3 + 5*x**2 + 38*x + 27. Is h(9) 